it of w?
8
Let k(r) = r**2 + 8*r - 19. Let h be k(-9). Let b be 56/40 + (-6)/h. What is the tens digit of b*16 + -8 + 6?
3
Let n = -181 - -184. What is the hundreds digit of n/((-3)/(-1)) + (-14418)/(-18)?
8
Suppose -4*h = 2*z - z - 3428, 3418 = z + 2*h. Suppose 24*f + 2*d = 19*f + z, 2*f = 3*d + 1348. What is the hundreds digit of f?
6
Suppose -i + 2*i + 4 = 0. Let u be 66/12 + 6/i. Suppose -u*h + 78 = 5*q, q = -h - 3*q + 14. What is the units digit of h?
2
Let f = 32875 + -32865. Suppose 0 = -2*z + i - 77 + 309, -2*i = 3*z - 334. Suppose -f*k + 12*k + u = 54, z = 4*k - u. What is the units digit of k?
8
Let f be (21/(-3) - -1) + 7 - 186. Let m = 1233 + f. What is the tens digit of m?
4
Suppose -4*a + 31 - 23 = 0. Let p(w) = -8*w + 3*w - a*w**2 - 7 + 23*w. What is the units digit of p(8)?
9
Let a(i) = i**3 + 11*i**2 - 6*i + 11. Suppose 8 = -2*n, -s - 3*s = -3*n + 36. Let o be a(s). Let h = o + 164. What is the hundreds digit of h?
1
Let n(j) = 530*j**2 - 2*j + 4. Let w be n(-4). What is the tens digit of w/99 + (-2)/(-9)?
8
Suppose -5*s + 161 = -404. Suppose s*t - 529 = 112*t. What is the tens digit of t?
2
Let v be -1 + 54/30 + 1052/10. Suppose -v*n = -98*n - 8. What is the units digit of n?
1
Suppose -2*g = -3*j - 28456, -24 = 5*j - 4. What is the units digit of g?
2
Let z(j) = j**3 + 19*j**2 + 5*j - 16. Let q be z(-19). Let x = q + 549. What is the hundreds digit of x?
4
Let w = 87 + -86. Let k(s) = s - 5. Let h be k(w). What is the units digit of (1 - -235) + 6/(-8)*h?
9
Suppose 5*f = -7*f + 60. Suppose 4*b = f*g + 1012 - 3543, 5*g - 2532 = 3*b. What is the tens digit of g?
0
Suppose -7*q + 5600 = -3*q. Suppose 0 = 5*m - 5*g - 165 - q, -9 = -3*g. Let b = -188 + m. What is the units digit of b?
8
Let s = 8384 - 1753. What is the tens digit of s?
3
Suppose 0 = 2*d - 3 - 3. Let q(u) = d*u - 22 - 8 + 43. What is the units digit of q(0)?
3
Let m = -71698 - -129505. What is the hundreds digit of m?
8
Let k(c) = -3460*c - 497. What is the hundreds digit of k(-2)?
4
Let k(y) = -y**2 - 15*y - 27. Let v be k(-13). Let d be ((24/(-28))/3)/(v/7). What is the tens digit of (-3 + 2)/(d/(-268))?
3
Suppose 81*u - 16 = 77*u, 2*u - 5912 = -c. What is the units digit of c?
4
Let a = -175 - -179. Suppose -3*p + 169 = k, -a*k + 0*p + 683 = 5*p. What is the units digit of k?
2
Let c = 143 + -142. What is the hundreds digit of 6*c - 19845/(-35)?
5
Let r be ((-4)/(-6))/((-14)/147). Let x(s) = 3*s**2 + s + 5. Let f be x(r). Let t = f + -71. What is the units digit of t?
4
Let p(q) = 7*q**3 - 102*q**2 + 98*q + 12. What is the tens digit of p(17)?
9
Let k(s) = 5187*s - 445. What is the tens digit of k(1)?
4
Let t = 1415 + 2292. Suppose 9*w - t = -2*w. What is the units digit of w?
7
Suppose -214*o + 218*o + 92 = 0. Let c(p) = 2*p**2 + 36*p + 66. What is the hundreds digit of c(o)?
2
Let c be 3/12*(3 - 7). What is the units digit of ((-132)/6)/(c - 57/(-60))?
0
Let b(p) = 254 - 14*p**2 - p**3 + 188 + 16*p - 491. What is the units digit of b(-17)?
6
Suppose 0*t = -l - 4*t + 23, 2*l - 2*t - 6 = 0. Suppose -688 = 9*y - 4828. Suppose 2 = l*q - y. What is the tens digit of q?
6
Let p(l) be the first derivative of l**2 + 126*l + 66. What is the units digit of p(-17)?
2
Let g = 15 + -48. Let c = 38 + g. Suppose 3*s - 444 + 54 = -4*l, c*s = -l + 633. What is the hundreds digit of s?
1
Let k(j) = 21*j - 42. Let p(b) = 19*b - 45. Let l(x) = 4*k(x) - 3*p(x). What is the tens digit of l(26)?
6
Let l = -614 + 616. Suppose -2*b + 209 = 5*g, 4*b - g - 463 = -l*g. What is the hundreds digit of b?
1
Let y be (168/(-70))/((-2)/120). Let m = 116 + y. What is the units digit of m?
0
Let y = 11 + -7. Let b = 2346 - 2322. Suppose -l = 5*g - 0*l - 30, -3*l = y*g - b. What is the units digit of g?
6
Let p = 26096 - 18480. What is the tens digit of p?
1
Suppose 0 = 238*i - 17*i - 2949315 - 1597097. What is the thousands digit of i?
0
Suppose 14 = 2*w, 332*w = -b + 333*w + 69916. What is the hundreds digit of b?
9
Let w(t) = 9*t - 22 - 5*t - 26*t. Suppose 0 = -4*i + 4*h - 32, 0 = -5*i + 4*h - 32 - 5. What is the units digit of w(i)?
8
Suppose 139*h - 135*h - 8 = 0. Suppose 416 = h*m + 6*m. What is the units digit of 8/m - (-3075)/39?
9
Let i be 1 + 8/(-6) + 17/51. Let q(f) = -f - 1. Let t be q(-1). What is the units digit of (-1 + i)*-30 + t?
0
Let v(s) = -10*s**3 - 18*s**2 - 23*s - 17. Let n(i) = -13*i**3 - 19*i**2 - 23*i - 18. Let g(p) = 3*n(p) - 4*v(p). What is the tens digit of g(-9)?
9
Let z = 155 + 343. Let v = 778 - z. What is the units digit of v?
0
Suppose -5*p + 2*d - 26 = 0, 5 + 9 = -3*p + 2*d. Let x be p/(-9) - (-2840)/(-12). What is the units digit of x/(-1 + -3) - 4?
5
Let g(b) = b**3 + 9*b**2 - 10*b + 9. Let h(t) = -2*t + 50. Let v be h(29). What is the hundreds digit of g(v)?
1
Let v(h) = 3 - 166*h + 1 - 183*h + 104*h. What is the units digit of v(-1)?
9
Suppose 28*j - 245822 - 12478 = 0. What is the units digit of j?
5
Let b(n) = n**2 - 3*n - 725. Let a be b(0). Let d = 248 + a. Let x = -304 - d. What is the hundreds digit of x?
1
Let x be ((-75)/20)/(6/(-1376)). Suppose 0 = -34*h + 17826 - x. What is the hundreds digit of h?
4
Suppose 1939*m - 1922*m = 244732. What is the hundreds digit of m?
3
Suppose 16*b - 11*b = 48*b - 1430481. What is the ten thousands digit of b?
3
Let m(s) = 14928*s**2 - 87*s + 169. What is the thousands digit of m(2)?
9
Let l = -16 + 70. Let o be (-3*2)/(27/l). What is the units digit of (o/(-16))/(1/16)?
2
What is the units digit of ((-55)/(-12) - 154/(-56))*5790?
0
Let h(v) = -v**3 + 20*v**2 + 4*v - 64. Let c be h(20). Suppose -3*x + 28329 = c*x. What is the tens digit of x?
9
Suppose -3*f = -3*i - 37803, -i = 15*f - 20*f + 63017. What is the hundreds digit of f?
6
Suppose -l - 3*l = -5*z - 36, 0 = -4*l - 4*z. What is the hundreds digit of 186/(10/(-4) + l)?
1
Let t(j) = -105*j - 1632. What is the units digit of t(-49)?
3
Let u be 14/21 - (-8)/6. Let v(s) = 7*s + 198. Let z be v(-20). What is the tens digit of (z - 5 - (u - 0))*1?
5
Suppose 35689 + 15781 = 4*v + 6*l, v - 12885 = l. What is the thousands digit of v?
2
Let p(o) = o**3 - 2*o**2 - 39*o + 219. What is the hundreds digit of p(10)?
6
Suppose 5*m - m - 32 = 0. Suppose -2*c - 34 = m. Let x = -18 - c. What is the units digit of x?
3
Let a(q) = 23*q**2 - 5*q - 6. Let v be a(-2). Let b(x) = 89*x - v*x + 3 + 2. What is the units digit of b(-2)?
9
Let u = -207 + 578. Let y = -519 + 523. Suppose 4*m + y*j + 87 = u, 2 = -2*j. What is the units digit of m?
2
Let o = 82 + -78. Suppose -6*j + 6 = -o*j. What is the tens digit of (j - 2) + (7 - -134)?
4
Suppose 0 = -4*m - 3*h + 67642, 8*m - h - 13214 = 122112. What is the hundreds digit of m?
9
Let h(t) be the third derivative of 0 + 0*t - 23/3*t**3 + 11/24*t**4 + 7*t**2. What is the hundreds digit of h(15)?
1
Let p(x) = 2537*x + 40. What is the tens digit of p(2)?
1
Suppose 935741 - 4327211 = -79*b. What is the ten thousands digit of b?
4
Suppose 44 - 8 = a. Suppose 41*r - 50 = a*r. What is the tens digit of r?
1
Suppose 0 = -3*y - 2 - 79. Let n be 2950/(-12) + (-5)/30. What is the units digit of (9/y)/(2/n)?
1
Suppose 0 = 19*a - 22*a - 60. What is the units digit of (-1 + 6)*((-656)/a + 0)?
4
Suppose -2308*z + 2303*z = -17905. What is the units digit of z?
1
Let p(h) = 611*h + 18642. What is the hundreds digit of p(0)?
6
Suppose 1221 = x - 12*x. What is the hundreds digit of 51/(3 - x/(-38))?
6
Suppose -115*u + 247421 + 49611 = -18183. What is the hundreds digit of u?
7
Let r(k) = -k**2. Let j(q) = -q**2 + q - 78. Let w(p) = -p**3 - 3*p**2 + 9*p - 3. Let y be w(-5). Let c(s) = y*r(s) - j(s). What is the tens digit of c(0)?
7
What is the hundreds digit of (-104971)/12*-2 + 220/(-1320)?
4
Suppose -628*r + 630*r + 2142 = o, -5*o + 10765 = r. What is the tens digit of o?
5
Let m(j) = 534*j**2 + 35*j + 105. What is the hundreds digit of m(-3)?
8
Let x = 7173 + 8206. What is the ten thousands digit of x?
1
Let m(q) = -33*q - 36. Let y(k) = -k**2 - k - 2. Let l be y(-5). Let g(d) = -8*d - 9. Let z(t) = l*g(t) + 6*m(t). What is the units digit of z(-6)?
4
Let x = 101 - 91. Let t(o) = 6*o - 4. What is the tens digit of t(x)?
5
Suppose 6*z = -7 + 25. Suppose z*i - 96 = -5*t, 2*i + 4*t = i + 39. What is the units digit of 160/30*i/2?
2
Let a = -106 - -227